t is the hundreds digit of h?
1
Suppose 343205 = -36*v + 930005. What is the hundreds digit of v?
3
Suppose 14884 + 13220 = 6*h. What is the tens digit of h?
8
Suppose 0 = 219*s - 1060155 - 2233167. What is the ten thousands digit of s?
1
Let y(g) = 10*g**2 + 18*g - 23. Let z be y(-9). Let b = 685 - z. What is the units digit of b?
0
Let f(g) = -1 + 2 - 10*g - g**2 - 8 + 2*g**2. Let h be f(7). What is the units digit of (-2232)/h - 4/(-14)?
0
Let c = -156 - -530. Suppose -4*o - 5*l + c = -0*o, -5*l = 10. What is the units digit of o?
6
Suppose -5*m - n = -183, 5*n - 12 = n. Suppose m*f = 43*f - 2856. Suppose 4*d = 352 + f. What is the hundreds digit of d?
1
Let k(y) be the third derivative of -y**5/30 - 23*y**4/12 + 13*y**3/6 - 2*y**2 - 15*y. What is the units digit of k(-18)?
3
Suppose w = 5*r - 2 - 21, -4*w - 4 = 2*r. Suppose r*k - 3000 = 2*i, -5*k + i + 3750 = 2*i. What is the tens digit of k?
5
Suppose 2123 = 30*l - 6517. Suppose -l + 47 = -c. What is the tens digit of c?
4
Suppose -2059*k + 2135*k - 2839208 = 0. What is the thousands digit of k?
7
Suppose -4*k + 6 - 16 = -2*q, -3*q = -k. Let o be (-1 - (-4 - q)) + 36/6. Suppose 253 = b + 4*b + w, -4*w - o = 0. What is the units digit of b?
1
Let m = 41 + -38. Suppose -m*a + 1031 = -2*t, -t - 1146 = -3*a - 116. What is the tens digit of a?
4
Suppose -2*j = 4*a - 304946, -1901*a + 1902*a - 76224 = 2*j. What is the thousands digit of a?
6
Let t = 97 - 51. Let n = t + -30. Suppose -h = 2*b - n, 0 = -b + 3 + 2. What is the units digit of h?
6
Suppose 0 = 137*j + 105035 - 2701596. What is the units digit of j?
3
Suppose 3187629 = 49*n + 181*n - 1342681. What is the ten thousands digit of n?
1
Suppose -5*g + 177648 = 3*x, 2*x - 4*x + 118482 = -5*g. What is the hundreds digit of x?
2
Let u be (-5)/(-6)*2 - 444/(-36). Let v be 2/14 + 2712/28. Let z = v + u. What is the units digit of z?
1
Suppose -5*x + 2396 = h - 1317, -3*h = 4*x - 11084. Let o = 5543 - h. Suppose 21*w + o = 28*w. What is the tens digit of w?
6
Suppose 3*p + a + 2 = 11, -3*p - 3*a = -9. Suppose 0 = -3*j - p, 5*v = -8*j + 5*j + 2. What is the tens digit of (43/129)/((-1*v)/(-507))?
6
What is the hundreds digit of (-2*7/70 + 1)*(-55465)/(-2)?
1
Let t be ((-4)/6)/(1 - 3)*12. Suppose -u + 3*p - 5 = 7, t*u + 5*p - 37 = 0. What is the tens digit of (-386)/(3*(-10)/6 + u)?
9
Let y be (2 + 104 + -1)*(-44)/(-66). Let w = 588 + y. What is the units digit of w?
8
Let c(t) = 90*t**3 - 5*t**2 + 33*t - 3. What is the thousands digit of c(4)?
5
Suppose 3*v = -4*x + 50935, 22*v + 2*x = 18*v + 67920. What is the units digit of v?
1
Let l = 6000 - -1728. What is the thousands digit of l?
7
Suppose 4*v + 8 = 2*p + p, 3*v = -p + 7. Suppose -k - 4*d - 2 = -87, -4*d = -p. What is the units digit of k?
1
Let j = 29 + -38. Let h be (2 - (-9)/j)/((-1)/7). Let m = 53 + h. What is the tens digit of m?
4
Let y be (-1775)/(-20) - (-9)/(-12). Suppose 3*t = -0*t + 126. Let b = y - t. What is the tens digit of b?
4
Suppose -3*i + 2*v + 10 = 0, 2 - 1 = -i + 5*v. Let b be 8/(-6)*18/i. Let m = 20 - b. What is the units digit of m?
6
Let o(a) = 3*a**2 + 2*a - 2. Let s be o(1). Suppose i = s*q + 17, -5*i - 4 - 23 = q. What is the tens digit of (2/1 - 3)/(q/672)?
9
Let q(u) = -u**3 + 15*u**2 + 10*u + 28. Let w be q(12). What is the tens digit of (-469)/2*w/(-203)?
7
Let c = -2600 + 4058. What is the hundreds digit of c?
4
Suppose 3*h = -28 + 34. Suppose 3*y - l - 30 = 0, 3*y + 0*y = -h*l + 39. What is the units digit of ((-66)/18)/y*(1 + -4)?
1
Let y = -287 + 3319. What is the units digit of y?
2
Let y(f) be the second derivative of -f**5/10 + 35*f**4/12 - 2*f**3/3 - 50*f**2 - 179*f + 2. What is the units digit of y(17)?
1
Let z(n) = 234*n**2 + 119*n**2 - 1 + 1 - 13*n - 15*n**2 - 5. What is the tens digit of z(-2)?
7
What is the tens digit of 20/36*34405 - 8/(-72)?
1
Let j = 1 - -1. Suppose 409*o - 405*o = 5*d, 0 = 3*d - 4*o + 8. Suppose -4*a - 16 = 0, d*p - 596 = -5*a + j*a. What is the units digit of p?
2
Suppose -4 = -2*k + 6*k, 2*d = -4*k. Suppose -3*z + 949 = d*p - 1139, -5*p = -2*z - 5220. What is the tens digit of p?
4
What is the hundreds digit of (-562)/(-11 + (-60)/(-896)*164)?
4
Suppose 5*z + 5*l = 6373 + 23892, -2*l + 24222 = 4*z. What is the thousands digit of z?
6
Suppose -z + 28 = -0*l - 4*l, -5*z = 3*l - 163. Let c be (-28)/7 - (0 + 102). Let r = z - c. What is the hundreds digit of r?
1
Let f(g) = -2*g**2 + 6*g + 2. Let z be f(3). Let q be -1 - (-6 + 5) - z. What is the units digit of ((-3)/q)/(3/314)?
7
Let z be -4 - ((-30)/70 - 104/(-14)). What is the hundreds digit of z/(440/24)*-1345?
8
Let z(l) = -55 - 251*l - 44 + 209*l. What is the tens digit of z(-7)?
9
Suppose 11*q - 3*q = 3592. Let b = q - 2489. What is the tens digit of (1 + (-10)/6)/(17/b)?
8
Let i(r) = -3*r**2 + 2*r - 13. Let m be i(6). Let s = m - -190. What is the tens digit of s/(1 - (-2 + 2))?
8
Suppose 3*g = 9*g - 2724. Suppose g - 94 = 4*f. Suppose 93*b = f*b + 552. What is the tens digit of b?
8
Let a = -3363 + 4366. What is the thousands digit of a?
1
Suppose 28 - 7 = 7*d. Suppose 3*q = k - 1, -q + d*k - 15 = -k. What is the units digit of 2 + (0 - q)/1?
1
Let k be (4 - 1) + -30 + 72. Suppose 0 = 4*c - 0*c - 12. Suppose -i + 1 = 4*r - k, c*r = 3*i - 93. What is the units digit of i?
4
Suppose o = 3*q - 26680, -o + 6*o = 5*q - 44460. What is the tens digit of q?
9
Let l(r) = 39 + 7 + 17 + 36*r. What is the units digit of l(10)?
3
Let j(b) = 14*b + 131. Let h be j(-1). Suppose 0 = 2*z - 98 - 20. Let g = h - z. What is the units digit of g?
8
Suppose -3*g = -0 - 9. Suppose 249 = g*d - y, 3*d + 7*y - 249 = 2*y. Let k = 129 - d. What is the tens digit of k?
4
Let l be 253/7 - 76/532. What is the units digit of (2 - 3 - -7)/(12/l)?
8
What is the units digit of (-96258)/(-14) - ((-30)/35)/2?
6
Suppose 3*j = -21 - 84. Let s = 60 - j. Suppose -5*g - s = -10*g. What is the tens digit of g?
1
Let u = 548 + -294. Let q(g) = -401*g**3 + g**2 + 7*g + 6. Let h be q(-1). Suppose -5*t = -u - h. What is the hundreds digit of t?
1
Let c be 189/(-27) - (0 + 289). Let l = c + 375. What is the units digit of l?
9
Let t be 362 + (1 + -1)/3. Suppose -w + 652 = 3*m, -7*m + 4*m = 2*w - 647. Let f = t - m. What is the hundreds digit of f?
1
Suppose -14912*s + 14894*s + 48240 = 0. What is the hundreds digit of s?
6
Let i = 151 - -111. Suppose t + 5*d + 5 = 11, 0 = 4*t + 4*d - 24. Suppose 994 = t*f + i. What is the tens digit of f?
2
Let h(v) be the second derivative of 11*v**4/6 - v**3/2 - 3*v**2 - 12*v. What is the units digit of h(-4)?
8
Suppose 2*f + 5*r = 438, 0*f = f + 3*r - 218. Let z = f + -123. Suppose -4*a = 3*y - 400, 2*y - 3*y = a - z. What is the units digit of a?
7
Suppose 2*l - 65 = 2*h - 43, 3*l + 23 = -4*h. What is the units digit of (-7454)/h - 260/(-208)?
3
Let n = -175 + 180. Suppose 5*y + n*v = 2*v + 845, -3*y + 2*v = -488. What is the tens digit of y?
6
Let d(x) = -4 - x + 3*x - 3. Let i(a) = -2*a**2 - 28*a - 57. Let m be i(-11). What is the tens digit of d(m)?
1
Suppose 9*j = 392 - 16889. Let i = j + 3072. What is the units digit of i?
9
Let n(m) = m**3 - 86*m**2 + 104*m + 63. What is the hundreds digit of n(85)?
6
Let n(f) = -f**3 - 12*f**2 + 13*f + 4. Let d be n(-13). Let c be 3/12 - (-327)/d. Suppose 2*u + 47 = 3*u - x, -c = -2*u - 4*x. What is the units digit of u?
5
Let m(z) = -832*z - 4869. What is the ten thousands digit of m(-21)?
1
Let q be 1 - -18 - 3/1. Let h be 4/(q/(-4)) + 179. Suppose -478 = -3*y - l + 2*l, -h = -y + 5*l. What is the tens digit of y?
5
Let f(t) = -t**3 + 3*t**2 - 10*t - 22. What is the hundreds digit of f(-8)?
7
Suppose 0 = 2*u - 2*h + 8, 10*h - 8 = 3*u + 5*h. What is the units digit of ((-96)/5)/(u/30)?
6
Let s = -23 + 165. Let p = s - 7. What is the tens digit of p?
3
Suppose 9336 + 25688 = -5*u + 9*u. What is the hundreds digit of u?
7
Suppose 11 = -8*k - 45. Let z(h) = 20*h**2 + 16*h + 9. What is the tens digit of z(k)?
7
Let d = 3817 + -3190. What is the tens digit of d?
2
Let u(s) = -s**2 + 11*s - 13. Let r be u(7). Suppose 9*t - r = 3. Suppose 7*f = 3*n + t*f - 19, 3*f + 9 = n. What is the units digit of n?
3
Let s = -49706 - -70233. What is the ten thousands digit of s?
2
Let y(f) = -f**3 - 17*f**2 + 51*f + 69. Let p = -248 - -228. What is th